ve h(-7).
5
Let w(k) = 4*k - 173. Calculate w(44).
3
Let d(p) = -p**3 - 16*p**2 + 15*p - 21. Determine d(-17).
13
Let l(p) = 11*p - 117. Determine l(10).
-7
Let r(k) = k**3 - 10*k**2 - 13*k + 16. Calculate r(11).
-6
Let p(m) = m**3 - 3*m**2 - 6*m + 6. What is p(4)?
-2
Let w(y) = -3*y - 8. Determine w(3).
-17
Let h(b) = -b**3 + 4*b**2 - 2*b + 1. Calculate h(3).
4
Let o(c) = -c**2 + 16*c - 55. Determine o(11).
0
Let h(f) = 4*f - 42. Calculate h(9).
-6
Let i(f) = f**2 + 2. What is i(0)?
2
Let x(o) = -2*o**3 - 3*o**2 - o + 1. Give x(-2).
7
Let j(c) = -c**3 + 7*c**2 + 22*c - 8. What is j(9)?
28
Let r(f) = -6*f + 144. Give r(23).
6
Let q(g) = g**3 + 5*g**2 + g - 2. What is q(-3)?
13
Let d(y) = -3*y. Determine d(2).
-6
Let l(b) = 2*b - 41. Calculate l(18).
-5
Let s(z) = -z**2 + 2*z + 2. What is s(-2)?
-6
Let t(w) = -2*w**3 + 7*w**2 - 6*w + 3. Give t(4).
-37
Let s(u) = -u**2 + 4*u + 2. Calculate s(6).
-10
Let q(i) = 2*i**2 - 19*i + 12. Determine q(9).
3
Let t(a) = 2*a - 21. Determine t(12).
3
Let z(d) = d**3 - 5*d**2 - 5*d - 3. Give z(6).
3
Let b(w) = 2*w**2 + 18*w - 2. Determine b(-9).
-2
Let a(h) = -10*h + 66. Calculate a(6).
6
Let j(b) = 24*b**2 - 2*b + 2. Calculate j(1).
24
Let h(r) = -r**3 + 13*r**2 + 15*r - 16. Calculate h(14).
-2
Let q(l) = -9*l**2 - l - 1. Determine q(1).
-11
Let h(j) = 22*j - 772. Determine h(35).
-2
Let v(r) = -5*r + 135. Determine v(24).
15
Let t(m) = -24*m**3 + 3*m**2 - 3*m + 1. What is t(1)?
-23
Let v(i) = 9*i**3 + 5*i**2 - 5. What is v(-3)?
-203
Let s(l) = -9*l - 11. Give s(-2).
7
Let u(w) = -w**3 - 12*w**2 - 2*w - 6. Calculate u(-12).
18
Let h(q) = -q**2 - 3*q - 3. Calculate h(4).
-31
Let x(n) = -n**3 - 7*n**2 - 14*n - 5. Calculate x(-7).
93
Let l(c) = -4*c - 17. Calculate l(-5).
3
Let n(z) = -z**2 - 16*z - 11. Determine n(-12).
37
Let b(q) = 19*q - 15. Determine b(1).
4
Let f(d) = 2*d**2 - 5*d - 17. Determine f(5).
8
Let g(f) = 2*f**2 + 9*f + 19. Calculate g(-6).
37
Let s(u) = u**3 - 3*u**2 - 5*u + 1. Determine s(4).
-3
Let c(j) = j**2 + 4*j + 4. What is c(-7)?
25
Let j(m) = -m**3 - 4*m**2 + 2*m - 3. Calculate j(-5).
12
Let m(j) = -j - 16. Calculate m(-7).
-9
Let p(i) = i**3 - 9*i**2 + 5*i + 5. Determine p(6).
-73
Let d(z) = -z**2 - 8*z - 3. Calculate d(-8).
-3
Let f(c) = c**3 - c**2 + 3*c - 1. Determine f(2).
9
Let p(j) = j**2 + 8*j - 32. Determine p(5).
33
Let s(l) = 2*l**2 + 4*l + 3. Determine s(-3).
9
Let l(u) = -41*u - 70. Calculate l(-2).
12
Let r(v) = 101*v**3 + 2*v + 2. Give r(-1).
-101
Let o(m) = -m + 25. Determine o(14).
11
Let r(b) = -19*b + 136. What is r(7)?
3
Let n(h) = 4*h + 11. Determine n(-11).
-33
Let g(n) = 58*n**2 - n + 1. What is g(1)?
58
Let c(h) = -16*h + 55. Determine c(-7).
167
Let h(y) = y**2 + 21*y + 60. Determine h(-18).
6
Let a(i) = -72*i + 3. Calculate a(1).
-69
Let r(v) = 39*v**3 - 2*v - 2. Calculate r(-1).
-39
Let l(v) = -11*v - 1. What is l(5)?
-56
Let t(o) = -o**3 + 5*o**2 - o - 10. Give t(3).
5
Let t(k) = 3*k**2 - 16*k + 31. Calculate t(6).
43
Let z(w) = w**2 + 11*w - 27. Determine z(-13).
-1
Let z(p) = -13*p**2 - 2. Determine z(-2).
-54
Let p(q) = 3*q - 9. Determine p(3).
0
Let x(n) = -n**3 + 5*n**2 - n - 11. Determine x(4).
1
Let c(p) = 19*p**2 - 135*p + 3. Calculate c(7).
-11
Let u(b) = -b**2 - 19*b - 31. What is u(-20)?
-51
Let r(n) = 5*n + 49. What is r(-11)?
-6
Let b(g) = -2*g**2 - 15*g + 1. Calculate b(-8).
-7
Let m(o) = o**2 - 4*o + 12. What is m(5)?
17
Let c(o) = 2*o**2 - 5*o - 11. What is c(6)?
31
Let v(m) = 45*m + 533. What is v(-12)?
-7
Let p(h) = -h**3 + 22*h**2 - 19*h + 1. Determine p(21).
43
Let t(a) = -a + 24. Give t(26).
-2
Let b(k) = -k**3 - 4*k**2 + 8*k + 2. Determine b(-6).
26
Let c(y) = 2*y**3 + 14*y**2 + 7*y + 14. Determine c(-6).
44
Let b(c) = -2*c**2 - 6*c - 5. Give b(-4).
-13
Let u(h) = -2*h**3 - 9*h**2 + 7*h + 12. What is u(-5)?
2
Let m(c) = c**3 - c**2 + 38. Calculate m(0).
38
Let k(g) = g**2 - 14*g + 48. What is k(8)?
0
Let n(c) = -c**2 - 6*c + 8. Give n(-5).
13
Let c(h) = -h**3 - 6*h**2 + 4*h + 1. What is c(-6)?
-23
Let r(v) = 66*v - 378. Give r(6).
18
Let f(k) = -k**3 + 9*k**2 + 14*k - 25. Give f(10).
15
Let k(a) = -5*a - 2. Calculate k(-2).
8
Let g(o) = -o**2 + 83*o + 1250. Give g(-13).
2
Let v(n) = 3*n**2 + 5*n + 3. What is v(-4)?
31
Let y(z) = -58*z**3 + z**2 + z + 1. Give y(-1).
59
Let y(d) = 4*d - 20. Determine y(2).
-12
Let t(p) = p**3 + 4*p**2 - 6*p + 8. Determine t(-6).
-28
Let q(z) = -z**3 - 9*z**2 - 13*z + 31. Calculate q(-5).
-4
Let m(i) = -5*i**3 + 53*i**2 + 24*i - 13. What is m(11)?
9
Let t(h) = -h**3 + 69*h**2 - 68*h. Determine t(68).
0
Let g(i) = -3*i**2 + 31*i + 75. Give g(12).
15
Let x(w) = -w**2 - 5*w + 9. Give x(5).
-41
Let i(g) = -g**2 + 37*g - 214. Calculate i(7).
-4
Let n(l) = 3*l + 35. Calculate n(0).
35
Let m(l) = -l**3 - 7*l**2 - 10*l. Determine m(-7).
70
Let o(x) = 3*x**3 + 26*x**2 + 16*x + 24. Calculate o(-8).
24
Let l(d) = -6*d - 48. Give l(-10).
12
Let a(v) = v**3 - 38*v**2 - 38*v - 26. Determine a(39).
13
Let y(b) = 13*b**2 + 3*b + 4. Determine y(0).
4
Let k(c) = -15*c - 224. Calculate k(-18).
46
Let x(l) = -4*l**2 - 3*l + 14. Give x(-5).
-71
Let d(b) = -4*b - 20. Give d(-11).
24
Let b(x) = -x**2 - 3*x - 1. Determine b(3).
-19
Let a(y) = y**2 + 4*y + 4. What is a(-4)?
4
Let g(l) = l**3 - 13*l**2 + 38*l - 30. What is g(9)?
-12
Let b(x) = -x**3 + 23*x**2 - 26*x + 65. Give b(22).
-23
Let d(j) = -6*j**3. What is d(1)?
-6
Let a(i) = -i**3 - 18*i**2 + 21*i + 56. Determine a(-19).
18
Let i(u) = 4*u - 11. Determine i(5).
9
Let f(j) = j**2 - 6*j - 1. Calculate f(7).
6
Let m(s) = s**2 - 19*s - 123. What is m(24)?
-3
Let s(h) = -43*h + 558. Give s(13).
-1
Let h(k) = k**2 + 62*k - 193. Determine h(-65).
2
Let w(f) = f**3 - 4*f**2. Calculate w(2).
-8
Let d(s) = -7*s**3 + 28*s**2 - s + 2. Determine d(4).
-2
Let z(y) = y**3 - 10*y**2 + 9*y - 7. Give z(9).
-7
Let w(a) = -a**3 + 16*a**2 + 2*a - 34. Calculate w(16).
-2
Let m(c) = 15*c + 18. Determine m(-6).
-72
Let v(l) = 2*l**2 + 44*l - 44. What is v(-23)?
2
Let s(t) = -t**2 + 16*t - 8. Give s(6).
52
Let d(a) = -a - 1. Give d(3).
-4
Let d(q) = -8*q + 170. Give d(21).
2
Let l(w) = -w**3 - 5*w**2 + 9*w + 13. What is l(-6)?
-5
Let k(y) = 15*y - 61. Determine k(4).
-1
Let t(l) = 2*l**3 + l**2 - 2*l + 6. What is t(-3)?
-33
Let g(v) = v**3 - 14*v**2 - 14*v - 29. Calculate g(15).
-14
Let a(c) = -4*c + 17. What is a(4)?
1
Let m(h) = -7*h + 12. Determine m(2).
-2
Let x(d) = -d**2 + 9*d - 10. Calculate x(7).
4
Let u(y) = -2*y - 20. What is u(-9)?
-2
Let k(p) = -4*p + 13. Give k(7).
-15
Let a(b) = -b - 13. Calculate a(-10).
-3
Let j(x) = -x**2 - 14*x + 18. What is j(-15)?
3
Let y(k) = 118*k + 235. What is y(-2)?
-1
Let r(c) = -c**3 + 9*c**2 + 5*c + 44. Calculate r(10).
-6
Let i(m) = -2*m**3 + 5*m**2 - 3*m + 2. Determine i(3).
-16
Let c(j) = 53*j**3 - 2*j**2 + j + 1. What is c(-1)?
-55
Let o(n) = 2*n**2 + 16*n + 35. Give o(-2).
11
Let l(k) = k**2 + 8*k - 10. Determine l(-7).
-17
Let z(c) = 3*c**3 + 101*c**2 + 65*c - 49. Determine z(-33).
-16
Let o(b) = b**2 + 21*b + 45. What is o(-18)?
-9
Let b(x) = -x**3 - 9*x**2 - 9*x - 15. Give b(-8).
-7
Let o(z) = -z**2 - 18*z - 37. What is o(-16)?
-5
Let m(r) = 44*r + 67. What is m(-2)?
-21
Let d(l) = -l**3 - 10. Calculate d(0).
-10
Let q(p) = p**3 + 27*p**2 - 4*p + 24. Determine q(-27).
132
Let j(z) = z**3 - 10*z**2 + 7*z - 12. Calculate j(9).
-30
Let a(n) = -n**2 + 9*n - 25. Give a(7).
-11
Let c(y) = 3*y**2 - 4*y. Determine c(3).
15
Let i(c) = 4*c**3 + c**2 + c - 1. Give i(2).
37
Let t(z) = 5*z - 20. Calculate t(3).
-5
Let v(j) = -j**3 + 9*j**2 + 11*j + 9. What is v(10)?
19
Let y(k) = -k**3 + 16*k**2 + 17*k + 13. What is y(17)?
13
Let h(i) = i**3 - 39*i**2 - 268*i + 8. Give h(-6).
-4
Let z(u) = -45*u**3 + 5*u + 5. What is z(-1)?
45
Let m(l) = l**3 - 20*l**2 + 97*l + 13. Calculate m(9).
-5
Let v(b) = -b**2 + 20*b - 44. Calculate v(18).
-8
Let h(b) = -6*b - 115. What is h(-16)?
-19
Let q(t) = t + 19. Give q(-4).
15
Let l(s) = 4*s**2 + 4*s + 2. Give l(-3).
26
Let z(m) = m**3 + 10*m**2 + 17*m - 5. What is z(-8)?
-13
Let i(o) = 23*o - 2. Determine i(4).
90
Let v(r) = -3*r**3 + 22*r**2 - 7*r + 2. What is v(7)?
2
Let c(b) = b**2 - 15*b + 19. What is c(15)?
19
Let z(v) = -v**2 - 8*v + 5. Determine z(-9).
-4
Let t(k) = -k**2 - 9*k + 9. What is t(-10)?
-1
Let f(n) = -n